lculate the highest common factor of h and x.
2
Let u be 1/(-2)*(-13 - -1). Let c be ((-8)/8)/(3/(-6)). Calculate the highest common divisor of c and u.
2
Let a(j) = -j**3 + 10*j**2 + 20*j - 9. Let c be a(9). What is the greatest common factor of c and 28?
28
Suppose -4*f = -w - 11, 3*f + 13 = 3*w + 2*w. Suppose 0 = -4*v, -k + 5*v = -w*k + 24. Calculate the highest common divisor of 24 and k.
6
Let k = 195 - -63. Let j be (-6)/(-4) - k/(-4). What is the highest common divisor of j and 6?
6
Let h = -197 + 227. Calculate the greatest common divisor of h and 150.
30
Let b = 7 - -18. What is the greatest common divisor of 15 and b?
5
Let b = 23 - 21. Calculate the greatest common divisor of 18 and b.
2
Suppose 4*l - 572 - 1744 = 0. Let z = l - 18. Suppose 0*d = -3*d + z. What is the greatest common factor of 17 and d?
17
Suppose 0*w + 560 = 2*w. Suppose 4*l = -2*r + w, 0*l - 300 = -4*l + 3*r. Suppose 5*a - a = l. Calculate the greatest common factor of a and 12.
6
Let p be ((-39)/(-2))/(-3)*-2. Suppose 4*q - 19 = p. Let c be (2 + 0)*-1*-32. Calculate the highest common divisor of q and c.
8
Let k(j) = j - 45. Let p be k(0). Let d = 221 + p. Calculate the highest common divisor of 22 and d.
22
Suppose 0*c + 2*o + 8 = 2*c, 4*c - 5*o = 17. Suppose c*u - 1 = 35. Calculate the greatest common factor of 60 and u.
12
Suppose 2*t + 3*t = -4*k + 40, 4*t = 2*k + 6. Suppose -2*z = -z - t. Suppose -2*c - r = -5*r - 26, 16 = z*c + 4*r. What is the highest common factor of 7 and c?
7
Suppose -3*c + 4*c = -3*j, 0 = j + 4*c. Suppose -2 = -t - j. Suppose -2*y + 12 = t. What is the greatest common factor of 40 and y?
5
Suppose 6*p - 937 = p + a, 0 = 5*p - 5*a - 945. Calculate the highest common divisor of p and 17.
17
Let r be 1345/25 - 1/(-5). Suppose 5*g - 71 = r. Suppose 3*u - 6*u + 375 = 0. Calculate the highest common factor of g and u.
25
Suppose n = 4*n - 5*b - 32, 4*n = b + 54. Calculate the highest common factor of n and 7.
7
Let f(h) = -8 + 9 + 7*h - 4. Let r be f(5). Calculate the highest common factor of 256 and r.
32
Suppose 53 = 5*i + 43. What is the greatest common factor of 2 and i?
2
Suppose -5*f - 117 = -3*p + 18, 0 = -5*p - f + 225. Let i(w) = -16*w**3 - w**2 + 3*w + 3. Let r be i(-1). Calculate the highest common divisor of r and p.
15
Suppose 4*j - f = -j + 74, -3*j = 5*f - 22. Calculate the highest common divisor of 98 and j.
14
Let r = 3 + 15. What is the highest common factor of 2 and r?
2
Let x(k) = 16*k - 4. Let c be x(2). What is the highest common divisor of c and 84?
28
Let a = 33 - 23. Suppose 2*i + a = 2*c, 0 = 3*i - i - 10. Calculate the highest common divisor of 20 and c.
10
Suppose 7*m - 2*d - 74 = 3*m, 5*d - 130 = -5*m. Calculate the highest common divisor of 84 and m.
21
Suppose 0 = 5*n - 2*f - f - 52, -4*f = n - 15. Let d = -163 + 72. Let o = 179 + d. What is the greatest common divisor of o and n?
11
Suppose -3*b - 5*o + 34 = 0, 2*b = 4*o - 2*o + 28. What is the highest common divisor of 65 and b?
13
Let i(s) = s**2 - 9*s - 14. Let g be i(11). Suppose t + 0*n - 44 = n, 2*n = t - 48. Calculate the greatest common divisor of g and t.
8
Let l(c) = 4*c + 2. Let q(o) = o. Let u(s) = -l(s) - 4*q(s). Let z be u(-4). Let v = 8 - -4. What is the greatest common divisor of v and z?
6
Let u(s) = 8*s - 5. Let d be u(4). Suppose 0 = 2*z - 5*z + d. Let t(w) = 3*w**2 - 2*w - 4. Let f be t(-5). Calculate the greatest common factor of f and z.
9
Let a be 6/(-4) + (-81)/(-6). What is the highest common divisor of 24 and a?
12
Let d be -117*-1*(-33)/(-9). What is the highest common factor of d and 13?
13
Suppose -4 - 1 = -f. Suppose w + w - 15 = 5*s, -15 = f*s. Suppose -4*k + 72 = 3*y + y, w = 4*y - 2*k - 42. Calculate the highest common factor of y and 143.
13
Let w(d) = d**2 + 4*d + 9. Let l be w(-7). Suppose 18 = -5*h - m + 56, 3*h - 3*m = l. What is the greatest common divisor of h and 2?
2
Let k be 6/(-21) + (-640)/(-35). Calculate the highest common divisor of k and 6.
6
Let v = 8 + 33. Suppose 4*b - v = 23. Calculate the highest common factor of 24 and b.
8
Let u(i) = 21*i + 1. Let h be u(2). Let s = h - 18. Suppose 2*b = -2*t + 26, -3*t + 4*b - s = -4*t. What is the greatest common factor of t and 18?
9
Suppose 5*a + 33 = -7. Let y = -4 - a. Let v be ((-3)/y)/((-2)/56). What is the greatest common factor of 84 and v?
21
Let h = 109 + 3. What is the highest common factor of h and 14?
14
Let d(h) = h**3 + 5*h**2 - 7*h + 10. Let l be d(-5). What is the highest common factor of l and 90?
45
Suppose 2*a + 75 = -3*a. Let v be (-669)/(-15) + (-6)/a. Suppose 4*f - 86 = -14. What is the greatest common factor of f and v?
9
Suppose 3*m + 0*x + 2*x = 58, 2 = m + 5*x. What is the highest common divisor of 33 and m?
11
Let b = -4 - -8. Let o = -6 - -16. Calculate the highest common divisor of o and b.
2
Suppose -5*v - 20 = 5*o, 0 = 2*o + 3*v - 0*v + 13. Let s be (-4)/3*-6*o. Let g = 42 + -40. Calculate the highest common factor of g and s.
2
Suppose 5*z + 5*k = k + 50, -3*z = -5*k - 30. Let o = 25 - z. What is the greatest common divisor of o and 10?
5
Suppose -3*p + 46 = -m, 2*p - 49 + 17 = m. Let r(h) = 11*h - 1. Let k be r(2). Calculate the greatest common factor of k and p.
7
Let w = 9 - 2. Suppose 1 = -k - 4*o, -4*k - o + w = -4. Suppose -23 - 1 = -k*u - 3*v, 0 = -4*v - 8. What is the highest common factor of 10 and u?
10
Let d = 47 - -7. Let s = -13 - -19. What is the highest common factor of d and s?
6
Let l(w) = -2*w + 3. Let r be l(-4). Suppose -5*a + 109 + 162 = j, 0 = -a - j + 51. Calculate the greatest common factor of r and a.
11
Let v = -37 - -101. Calculate the greatest common divisor of 96 and v.
32
Let a(d) = -d**3 - 7*d**2 - 7*d - 5. Let b be a(-6). Let z be 15 + b*(-1 + -1). Calculate the greatest common factor of 91 and z.
13
Suppose -x = -5*c + 2*x + 162, 4*x = -16. What is the highest common factor of c and 270?
30
Let s(m) = -m**2 - 6*m + 9. Let b be s(-9). Let x = -9 - b. Calculate the greatest common factor of x and 81.
9
Let x = 40 - 18. Let c be 2 - 3*x/(-3). What is the greatest common divisor of c and 8?
8
Suppose 9*w = 4*w + 30. Suppose -4*m = m - 50. Let t be (m/(-4))/((-3)/w). What is the highest common divisor of 35 and t?
5
Suppose -24 = -20*g + 17*g. What is the greatest common factor of g and 128?
8
Let l(c) = -c**3 + 42*c**2 + 87*c + 47. Let z be l(44). Suppose 4*v - 13 - 3 = 0. Suppose 6 = v*n - 2*n. Calculate the greatest common divisor of n and z.
3
Suppose 5*t - 496 = 4*h, -4 = 7*h - 6*h. Calculate the greatest common factor of 32 and t.
32
Suppose -25 + 5 = -4*y. Calculate the greatest common divisor of y and 20.
5
Suppose 0 = -4*t - 0 - 4. Let o(k) = 5*k**2 - 2*k - 1. Let u be o(t). What is the highest common divisor of u and 6?
6
Suppose 2*z - 3*z + 3*w = 8, 4*z - 32 = -4*w. Suppose z*m = -5*d + 102, m + 130 = 6*m + 5*d. What is the greatest common divisor of 4 and m?
4
Let f = -116 + 120. Calculate the greatest common divisor of f and 16.
4
Let k = -179 - -188. Calculate the highest common divisor of 15 and k.
3
Let k be (96/20)/(-2 - (-21)/10). Calculate the greatest common divisor of k and 36.
12
Let l(u) = 18*u + 28. Let o be l(6). Calculate the highest common factor of 17 and o.
17
Suppose 18 = 3*l - 36. Suppose -17 + 161 = m. What is the highest common factor of m and l?
18
Let s = -6 + 12. Let f = 21 - s. Calculate the highest common divisor of 10 and f.
5
Let b(d) = 2*d - 6. Let r be b(4). Suppose 6*f = 3*f + 6. Let v be (-15)/f*(-8)/6. Calculate the greatest common factor of v and r.
2
Let u be -1 - (1 - -68) - 2. Let b = 126 + u. Calculate the highest common divisor of 6 and b.
6
Let r(d) = d**3 + 6*d**2 - 2*d - 5. Let n be r(-6). Suppose 2*y - 11 = 5*h - 73, -4*h = -3*y - 44. Calculate the greatest common factor of h and n.
7
Let q be 11/(-55) - 22/(-10). What is the highest common divisor of q and 20?
2
Let y be ((-64)/80)/((-2)/50). Suppose -3*m + 4*m = 10. Let l be 1 + (1*m - 1). Calculate the greatest common factor of y and l.
10
Suppose 2*m = -2*m - 3*d + 78, -8 = 4*d. What is the highest common divisor of m and 105?
21
Suppose 0 = 2*v - 6*v. Let u be 3 + v*(-2)/4. What is the highest common divisor of 9 and u?
3
Let v(g) = g**3 + 2*g**2 - g. Let j = -3 - 0. Let f be v(j). Let h(r) = 4*r